{"id":1030,"date":"2014-09-26T13:27:02","date_gmt":"2014-09-26T12:27:02","guid":{"rendered":"http:\/\/lmc2.univ-lyon1.fr\/?page_id=1030"},"modified":"2014-11-23T12:26:46","modified_gmt":"2014-11-23T11:26:46","slug":"koaik-alla","status":"publish","type":"page","link":"https:\/\/lmc2.univ-lyon1.fr\/?page_id=1030","title":{"rendered":"KOAIK Alaa"},"content":{"rendered":"<p><img loading=\"lazy\" decoding=\"async\" class=\"aligncenter wp-image-1097 size-medium\" src=\"http:\/\/lmc2.univ-lyon1.fr\/wp-content\/uploads\/2014\/09\/photo-222x300.jpg\" alt=\"\" width=\"222\" height=\"300\" srcset=\"https:\/\/lmc2.univ-lyon1.fr\/wp-content\/uploads\/2014\/09\/photo-222x300.jpg 222w, https:\/\/lmc2.univ-lyon1.fr\/wp-content\/uploads\/2014\/09\/photo-760x1024.jpg 760w, https:\/\/lmc2.univ-lyon1.fr\/wp-content\/uploads\/2014\/09\/photo.jpg 1201w\" sizes=\"auto, (max-width: 222px) 100vw, 222px\" \/><\/p>\n<p><strong>Sujet de Doctorat<br \/>\n<\/strong><\/p>\n<h4 style=\"text-align: justify;\"><em>C<strong>omportement m\u00e9canique multi-\u00e9chelle des structures composite-b\u00e9ton<\/strong> <\/em><\/h4>\n<p><strong>R\u00e9sum\u00e9<\/strong><\/p>\n<p style=\"text-align: justify;\">Le sujet de th\u00e8se porte sur l\u2019analyse du comportement m\u00e9canique de structures multi-mat\u00e9riaux alliant notamment les composites et le b\u00e9ton. L\u2019analyse et la r\u00e9solution du probl\u00e8me pos\u00e9 se feront \u00e0 deux \u00e9chelles\u00a0: au niveau des interfaces et \u00e0 l\u2019\u00e9chelle d\u2019un \u00e9l\u00e9ment de structure. La connexion entre les diff\u00e9rentes parties se fera par collage et \/ ou but\u00e9es m\u00e9canique. La nature des mat\u00e9riaux, la g\u00e9om\u00e9trie et la connexion seront choisies en fonction des sollicitations principalement impos\u00e9es \u00e0 l\u2019\u00e9l\u00e9ment de structure (flexion \/ compression\u2026., statique \/ fatigue). Le comportement \u00e0 l\u2019\u00e9chelle du joint se fera au moyen d\u2019essais de caract\u00e9risation d\u2019interface (push-out, double cisaillement\u2026). Le comportement m\u00e9canique des \u00e9l\u00e9ments de structure s\u00e9lectionn\u00e9s sera \u00e9tudi\u00e9 exp\u00e9rimentalement mais \u00e9galement num\u00e9riquement.<\/p>\n<p style=\"text-align: justify;\"><strong>Encadrants<\/strong><\/p>\n<ul>\n<li>Bruno JURKIEWIEZ<\/li>\n<li>Sylvain BEL<\/li>\n<\/ul>\n<p><strong>D\u00e9but et fin de th\u00e8se<br \/>\n<\/strong><\/p>\n<p>01\/10\/2014 \u2013 30\/09\/2017<\/p>\n<p><strong>Activit\u00e9s p\u00e9dagogiques<br \/>\n<\/strong><\/p>\n<p>&#8230;<\/p>\n<p>&nbsp;<\/p>\n","protected":false},"excerpt":{"rendered":"<p>Sujet de Doctorat Comportement m\u00e9canique multi-\u00e9chelle des structures composite-b\u00e9ton R\u00e9sum\u00e9 Le sujet de th\u00e8se porte [&hellip;]<\/p>\n","protected":false},"author":1,"featured_media":0,"parent":0,"menu_order":0,"comment_status":"closed","ping_status":"open","template":"","meta":{"footnotes":""},"class_list":["post-1030","page","type-page","status-publish","hentry"],"_links":{"self":[{"href":"https:\/\/lmc2.univ-lyon1.fr\/index.php?rest_route=\/wp\/v2\/pages\/1030","targetHints":{"allow":["GET"]}}],"collection":[{"href":"https:\/\/lmc2.univ-lyon1.fr\/index.php?rest_route=\/wp\/v2\/pages"}],"about":[{"href":"https:\/\/lmc2.univ-lyon1.fr\/index.php?rest_route=\/wp\/v2\/types\/page"}],"author":[{"embeddable":true,"href":"https:\/\/lmc2.univ-lyon1.fr\/index.php?rest_route=\/wp\/v2\/users\/1"}],"replies":[{"embeddable":true,"href":"https:\/\/lmc2.univ-lyon1.fr\/index.php?rest_route=%2Fwp%2Fv2%2Fcomments&post=1030"}],"version-history":[{"count":5,"href":"https:\/\/lmc2.univ-lyon1.fr\/index.php?rest_route=\/wp\/v2\/pages\/1030\/revisions"}],"predecessor-version":[{"id":1349,"href":"https:\/\/lmc2.univ-lyon1.fr\/index.php?rest_route=\/wp\/v2\/pages\/1030\/revisions\/1349"}],"wp:attachment":[{"href":"https:\/\/lmc2.univ-lyon1.fr\/index.php?rest_route=%2Fwp%2Fv2%2Fmedia&parent=1030"}],"curies":[{"name":"wp","href":"https:\/\/api.w.org\/{rel}","templated":true}]}}