{"id":210,"date":"2014-03-26T14:44:46","date_gmt":"2014-03-26T13:44:46","guid":{"rendered":"https:\/\/lgciesitebohr.olympe.in\/wordpress\/?page_id=210"},"modified":"2025-07-31T09:48:47","modified_gmt":"2025-07-31T08:48:47","slug":"ferrier-emmanuel","status":"publish","type":"page","link":"https:\/\/lmc2.univ-lyon1.fr\/?page_id=210","title":{"rendered":"FERRIER Emmanuel"},"content":{"rendered":"<p><img loading=\"lazy\" decoding=\"async\" class=\"aligncenter size-thumbnail wp-image-3420\" src=\"http:\/\/lmc2.univ-lyon1.fr\/wp-content\/uploads\/2025\/07\/Ferrier-150x150.jpg\" alt=\"\" width=\"150\" height=\"150\" \/><\/p>\n<h4><span style=\"color: #ff6600;\"><em><strong>Mes activit\u00e9s de recherche<\/strong><\/em><\/span><\/h4>\n<p style=\"text-align: justify;\">Ma recherche s\u2019inscrit donc dans ce contexte \u00ab MATERIAUX \u00bb et \u00ab STRUCTURES \u00bb composite du g\u00e9nie civil. Deux niveaux de consid\u00e9ration peuvent \u00eatre d\u00e9clin\u00e9s :<\/p>\n<ul style=\"text-align: justify;\">\n<li>\n<p>Le premier correspond \u00e0 une recherche portant sur le d\u00e9veloppement de m\u00e9thodes exp\u00e9rimentales d\u2019identification des lois de comportement des interfaces composites\/b\u00e9ton analys\u00e9s \u00e0 diff\u00e9rentes \u00e9chelles. Plus particuli\u00e8rement, il s\u2019agit de d\u00e9finir des m\u00e9thodologies exp\u00e9rimentales de caract\u00e9risation des multi-mat\u00e9riaux ou des interfaces entre mat\u00e9riaux n\u00e9cessitant des moyens extensom\u00e9triques sp\u00e9cifiques.<\/p>\n<\/li>\n<\/ul>\n<ul>\n<li style=\"text-align: justify;\">\n<p>Le deuxi\u00e8me volet, concerne l\u2019analyse exp\u00e9rimentale des structures h\u00e9t\u00e9rog\u00e8nes avec des applications dans le domaine du renforcement de structure en b\u00e9ton arm\u00e9 par mat\u00e9riaux composites, des structures en BFUP arm\u00e9es par des armatures composites et des structures mixtes bois-b\u00e9ton assembl\u00e9es par collage. Cette approche exp\u00e9rimentale s\u2019appuie sur des m\u00e9thodes de calcul it\u00e9ratives pour pr\u00e9voir les r\u00e9ponse en d\u00e9placement et les modes de rupture.<\/p>\n<\/li>\n<\/ul>\n<p><a href=\"https:\/\/lmc2.univ-lyon1.fr\/?page_id=42\">Liste des publications<\/a><\/p>\n<h4><span style=\"color: #ff6600;\"><strong><em>Mes activit\u00e9s d\u2019enseignement<\/em><\/strong><\/span><\/h4>\n<p>Mes activit\u00e9s d\u2019enseignement concernent la m\u00e9canique des structures, la construction bois et le b\u00e9ton arm\u00e9 au sein du d\u00e9partement de g\u00e9nie civil de l\u2019IUT LYON 1. J\u2019interviens \u00e9galement en master g\u00e9nie civil de l\u2019Universit\u00e9 Lyon 1 et plus pr\u00e9cis\u00e9ment dans le parcours Ing\u00e9nierie des mat\u00e9riaux et structures durables ou je dispense les enseignements de l\u2019UE mat\u00e9riaux et structures composites.<\/p>\n<h4><span style=\"color: #ff6600;\"><em><strong>Responsabilit\u00e9s collectives<\/strong> <\/em><\/span><\/h4>\n<ul>\n<li>Directeur du LMC2 (2016-2021)<\/li>\n<li>Directeur adjoint du LMC2 (2021-2026)<\/li>\n<li>Responsable du parcours BEC du BUT 3 GCCD de l\u2019IUT LYON 1<\/li>\n<li>Membre du CA de l\u2019<a href=\"https:\/\/www.augc.asso.fr\/page\/1821835-page-d-accueil\">AUGC<\/a>, du CST de l\u2019<a href=\"https:\/\/www.afgc.asso.fr\/\">AFGC<\/a>, de l\u2019Advisory comitee de l\u2019<a href=\"https:\/\/www.iifc.org\/about-iifc\/committees\/\">IIFC<\/a><\/li>\n<\/ul>\n<h4><span style=\"color: #ff6600;\"><em><strong>Projets de recherche<\/strong><\/em><\/span><\/h4>\n<ul>\n<li><a href=\"https:\/\/lmc2.univ-lyon1.fr\/?page_id=1197\">Fiabilin<\/a>, <a href=\"https:\/\/lmc2.univ-lyon1.fr\/?page_id=2092\">ANR Ilisbar<\/a>, <a href=\"https:\/\/lmc2.univ-lyon1.fr\/?page_id=2100\">Moovabat<\/a>, <a href=\"https:\/\/lmc2.univ-lyon1.fr\/?page_id=1759\">Hybridal I et II<\/a>, <a href=\"https:\/\/lmc2.univ-lyon1.fr\/?page_id=3286\">VIVALDI<\/a> et <a href=\"https:\/\/lmc2.univ-lyon1.fr\/?page_id=3241\">RAFAL<\/a><\/li>\n<\/ul>\n<h4><span style=\"color: #ff6600;\"><em><strong>Encadrement de th\u00e8ses<\/strong><\/em><\/span><\/h4>\n<ul>\n<li><a href=\"https:\/\/lmc2.univ-lyon1.fr\/?p=2456\">Elias SLEIMAN<\/a>, <a href=\"https:\/\/lmc2.univ-lyon1.fr\/?page_id=3472\">Roufaida ASSAL<\/a>, <a href=\"https:\/\/lmc2.univ-lyon1.fr\/?page_id=3466\">Mohamed NASSER<\/a>, <a href=\"https:\/\/lmc2.univ-lyon1.fr\/?page_id=3464\">Amine Ben-DAHOU<\/a><\/li>\n<\/ul>\n<p><em><strong>Mail :<\/strong><\/em> <a href=\"mailto:emmanuel.ferrier@univ-lyon1.fr\">Emmanuel.ferrier@univ-lyon1.fr<\/a><\/p>\n\n","protected":false},"excerpt":{"rendered":"<p>Mes activit\u00e9s de recherche Ma recherche s\u2019inscrit donc dans ce contexte \u00ab MATERIAUX \u00bb et [&hellip;]<\/p>\n","protected":false},"author":1,"featured_media":0,"parent":0,"menu_order":0,"comment_status":"closed","ping_status":"open","template":"","meta":{"footnotes":""},"class_list":["post-210","page","type-page","status-publish","hentry"],"_links":{"self":[{"href":"https:\/\/lmc2.univ-lyon1.fr\/index.php?rest_route=\/wp\/v2\/pages\/210","targetHints":{"allow":["GET"]}}],"collection":[{"href":"https:\/\/lmc2.univ-lyon1.fr\/index.php?rest_route=\/wp\/v2\/pages"}],"about":[{"href":"https:\/\/lmc2.univ-lyon1.fr\/index.php?rest_route=\/wp\/v2\/types\/page"}],"author":[{"embeddable":true,"href":"https:\/\/lmc2.univ-lyon1.fr\/index.php?rest_route=\/wp\/v2\/users\/1"}],"replies":[{"embeddable":true,"href":"https:\/\/lmc2.univ-lyon1.fr\/index.php?rest_route=%2Fwp%2Fv2%2Fcomments&post=210"}],"version-history":[{"count":30,"href":"https:\/\/lmc2.univ-lyon1.fr\/index.php?rest_route=\/wp\/v2\/pages\/210\/revisions"}],"predecessor-version":[{"id":3487,"href":"https:\/\/lmc2.univ-lyon1.fr\/index.php?rest_route=\/wp\/v2\/pages\/210\/revisions\/3487"}],"wp:attachment":[{"href":"https:\/\/lmc2.univ-lyon1.fr\/index.php?rest_route=%2Fwp%2Fv2%2Fmedia&parent=210"}],"curies":[{"name":"wp","href":"https:\/\/api.w.org\/{rel}","templated":true}]}}