{"id":54,"date":"2014-03-20T10:05:33","date_gmt":"2014-03-20T09:05:33","guid":{"rendered":"https:\/\/lgciesitebohr.olympe.in\/wordpress\/?page_id=54"},"modified":"2025-06-02T16:06:04","modified_gmt":"2025-06-02T15:06:04","slug":"acceuil","status":"publish","type":"page","link":"https:\/\/lmc2.univ-lyon1.fr\/?page_id=54","title":{"rendered":"Accueil LMC2"},"content":{"rendered":"\n<div class=\"alignnormal\"><div id=\"metaslider-id-2771\" style=\"width: 100%; margin: 0 auto;\" class=\"ml-slider-3-97-0 metaslider metaslider-flex metaslider-2771 ml-slider hide-arrows-smartphone hide-arrows-tablet ms-theme-default\" role=\"region\" aria-roledescription=\"Slideshow\" aria-label=\"Diapo page d&#039;accueil\" data-width=\"400\">\n    <div id=\"metaslider_container_2771\">\n        <div id=\"metaslider_2771\">\n            <ul class='slides'>\n                <li style=\"display: none; width: 100%;\" class=\"slide-2776 ms-image \" aria-roledescription=\"slide\" aria-label=\"slide-2776\" data-date=\"2024-06-13 16:05:37\"><a href=\"https:\/\/lmc2.univ-lyon1.fr\/?page_id=3303\" target=\"_self\" class=\"metaslider_image_link\"><img loading=\"lazy\" decoding=\"async\" src=\"https:\/\/lmc2.univ-lyon1.fr\/wp-content\/uploads\/2025\/07\/carous01-400x400.jpg\" height=\"400\" width=\"400\" alt=\"\" class=\"slider-2771 slide-2776\" title=\"carous01\" \/><\/a><div class=\"caption-wrap\"><div class=\"caption\"><div><span style=\"font-size:11pt;line-height:107%;font-family:Calibri, sans-serif;\">Test en flexion jusqu\u2019\u00e0 la ruine d\u2019un module hybride acier \u2013 CLT\u00a0 - ANR <a href=\"https:\/\/lmc2.univ-lyon1.fr\/?page_id=3303\">MixAB<\/a><\/span><\/div><\/div><\/div><\/li>\n                <li style=\"display: none; width: 100%;\" class=\"slide-2777 ms-image \" aria-roledescription=\"slide\" aria-label=\"slide-2777\" data-date=\"2024-06-13 16:05:38\"><a href=\"https:\/\/lmc2.univ-lyon1.fr\/?page_id=3286\" target=\"_self\" class=\"metaslider_image_link\"><img loading=\"lazy\" decoding=\"async\" src=\"https:\/\/lmc2.univ-lyon1.fr\/wp-content\/uploads\/2025\/07\/carous02-400x400.jpg\" height=\"400\" width=\"400\" alt=\"\" class=\"slider-2771 slide-2777\" title=\"carous02\" \/><\/a><div class=\"caption-wrap\"><div class=\"caption\"><div><span style=\"font-size:11pt;line-height:107%;font-family:Calibri, sans-serif;\">Projet <a href=\"https:\/\/lmc2.univ-lyon1.fr\/?page_id=3286\">VIVALDI<\/a> - \u00c9tude de la variation dimensionnelle de murs en b\u00e9ton de bois <a href=\"https:\/\/ccbgreentech.com\/40-la-technologie-du-beton-de-bois-avec-ccb-greentech.htm\">(TIMBERROC) <\/a>sous conditions environnementales acc\u00e9l\u00e9r\u00e9es dans une enceinte climatique de 10m<sup>3\u00a0<\/sup><\/span><\/div><\/div><\/div><\/li>\n                <li style=\"display: none; width: 100%;\" class=\"slide-2778 ms-image \" aria-roledescription=\"slide\" aria-label=\"slide-2778\" data-date=\"2024-06-13 16:05:38\"><a href=\"https:\/\/lmc2.univ-lyon1.fr\/?page_id=1759\" target=\"_self\" class=\"metaslider_image_link\"><img loading=\"lazy\" decoding=\"async\" src=\"https:\/\/lmc2.univ-lyon1.fr\/wp-content\/uploads\/2025\/07\/carous03-400x400.jpg\" height=\"400\" width=\"400\" alt=\"\" class=\"slider-2771 slide-2778\" title=\"carous03\" \/><\/a><div class=\"caption-wrap\"><div class=\"caption\"><div>Installation des planchers <a href=\"https:\/\/lmc2.univ-lyon1.fr\/?page_id=1759\">Hybridal<\/a> lors d'un chantier de construction d'un b\u00e2timent \u00e0 plusieurs niveaux.<\/div><\/div><\/div><\/li>\n                <li style=\"display: none; width: 100%;\" class=\"slide-3509 ms-image \" aria-roledescription=\"slide\" aria-label=\"slide-3509\" data-date=\"2025-07-31 14:04:58\"><a href=\"https:\/\/lmc2.univ-lyon1.fr\/wp-content\/uploads\/2025\/04\/Banc-dessai-dynamique.pdf\" target=\"_self\" class=\"metaslider_image_link\"><img loading=\"lazy\" decoding=\"async\" src=\"https:\/\/lmc2.univ-lyon1.fr\/wp-content\/uploads\/2025\/07\/carous08-400x400.jpg\" height=\"400\" width=\"400\" alt=\"\" class=\"slider-2771 slide-3509\" title=\"carous08\" \/><\/a><div class=\"caption-wrap\"><div class=\"caption\"><div>Essai d'une poutre r\u00e9par\u00e9e par TRM sous <a href=\"https:\/\/lmc2.univ-lyon1.fr\/wp-content\/uploads\/2025\/04\/Banc-dessai-dynamique.pdf\">chargement cyclique.<\/a>\u00a0<\/div><\/div><\/div><\/li>\n                <li style=\"display: none; width: 100%;\" class=\"slide-2779 ms-image \" aria-roledescription=\"slide\" aria-label=\"slide-2779\" data-date=\"2024-06-13 16:05:38\"><a href=\"https:\/\/cice2025.org\/\" target=\"_self\" class=\"metaslider_image_link\"><img loading=\"lazy\" decoding=\"async\" src=\"https:\/\/lmc2.univ-lyon1.fr\/wp-content\/uploads\/2025\/07\/carous09-400x400.jpg\" height=\"400\" width=\"400\" alt=\"\" class=\"slider-2771 slide-2779\" title=\"carous09\" \/><\/a><div class=\"caption-wrap\"><div class=\"caption\"><div>Essai d'une poutre r\u00e9par\u00e9e par TRM. Mesure de la d\u00e9formation dans le composite TRM par <a href=\"https:\/\/lmc2.univ-lyon1.fr\/wp-content\/uploads\/2025\/04\/Dispositif-de-mesure-par-fibres-optiques-continues.pdf\">DFOS<\/a>. \u00a0R\u00e9sultats pr\u00e9sent\u00e9s lors de la conf\u00e9rence <a href=\"https:\/\/cice2025.org\/\" target=\"_blank\" rel=\"noreferrer noopener\">CICE 2025<\/a><\/div><\/div><\/div><\/li>\n                <li style=\"display: none; width: 100%;\" class=\"slide-3507 ms-image \" aria-roledescription=\"slide\" aria-label=\"slide-3507\" data-date=\"2025-07-31 13:56:39\"><a href=\"https:\/\/lmc2.univ-lyon1.fr\/?page_id=3241\" target=\"_self\" class=\"metaslider_image_link\"><img loading=\"lazy\" decoding=\"async\" src=\"https:\/\/lmc2.univ-lyon1.fr\/wp-content\/uploads\/2025\/07\/carous05-400x400.jpg\" height=\"400\" width=\"400\" alt=\"\" class=\"slider-2771 slide-3507\" title=\"carous05\" \/><\/a><div class=\"caption-wrap\"><div class=\"caption\"><div>Essais sur tirants en b\u00e9ton arm\u00e9 dans le cadre du projet <a href=\"https:\/\/lmc2.univ-lyon1.fr\/?page_id=3241\">RAFAL<\/a>. Travaux de recherche effectu\u00e9s pendant la th\u00e8se de <a href=\"https:\/\/lmc2.univ-lyon1.fr\/?page_id=3464\">A. Ben-Dahou<\/a><\/div><\/div><\/div><\/li>\n                <li style=\"display: none; width: 100%;\" class=\"slide-3508 ms-image \" aria-roledescription=\"slide\" aria-label=\"slide-3508\" data-date=\"2025-07-31 14:02:04\"><a href=\"https:\/\/lmc2.univ-lyon1.fr\/?page_id=3241\" target=\"_self\" class=\"metaslider_image_link\"><img loading=\"lazy\" decoding=\"async\" src=\"https:\/\/lmc2.univ-lyon1.fr\/wp-content\/uploads\/2025\/07\/carous04-400x400.jpg\" height=\"400\" width=\"400\" alt=\"\" class=\"slider-2771 slide-3508\" title=\"carous04\" \/><\/a><div class=\"caption-wrap\"><div class=\"caption\"><div>Essais quasi-statique cyclique des voiles BA dans le cadre du projet RAFAL. Travaux de recherche effectu\u00e9s pendant la th\u00e8se de <a href=\"https:\/\/lmc2.univ-lyon1.fr\/?page_id=3466\">M. Nasser<\/a><\/div><\/div><\/div><\/li>\n            <\/ul>\n        <\/div>\n        \n    <\/div>\n<\/div><\/div>\n\n\n<p style=\"text-align: justify;\"><strong><span style=\"font-size: 12pt; font-family: trebuchet ms, geneva, sans-serif;\">Bienvenue sur le site du Laboratoire des Mat\u00e9riaux Composites pour la Construction (LMC2).<\/span><\/strong><\/p>\n<p style=\"text-align: justify;\"><span style=\"font-size: 14px; font-family: arial, helvetica, sans-serif;\">Le LMC2 est un laboratoire de recherche de l&rsquo;Universit\u00e9 Claude Bernard Lyon I (UCBL).\u00a0 Il s&rsquo;<\/span><span style=\"font-size: 14px; font-family: arial, helvetica, sans-serif;\">entend se positionner comme un acteur majeur dans la recherche sur les mat\u00e9riaux et des structures composites appliqu\u00e9s aux constructions et aux ouvrages de g\u00e9nie civil, \u00a0avec un accent particulier sur l\u2019analyse exp\u00e9rimentale et la mod\u00e9lisation du comportement d\u2019ouvrages ou de composants d\u2019ouvrages de g\u00e9nie civil \u2013 tels que le b\u00e9ton arm\u00e9, le b\u00e9ton pr\u00e9contraint, le bois ou le m\u00e9tal. Ses orientations scientifiques s\u2019inscrivent pleinement dans les enjeux de la transition \u00e9cologique, en visant notamment la mise au point de mat\u00e9riaux et de technologies de construction plus respectueux de l\u2019environnement, afin de ma\u00eetriser la durabilit\u00e9 des ouvrages et de pr\u00e9venir les risques li\u00e9s \u00e0 leur vieillissement ou \u00e0 l\u2019\u00e9volution des sollicitations. L\u2019objectif est de concevoir des solutions innovantes, \u00e0 la fois efficaces, r\u00e9sistantes et respectueuses de l\u2019environnement. La m\u00e9thodologie repose sur une approche multi-\u00e9chelles, afin d\u2019anticiper le comportement des mat\u00e9riaux et des structures, tant pendant leur transformation que lors de leur utilisation, sous des sollicitations complexes et sur de longues p\u00e9riodes. Pour pr\u00e9dire le comportement au sein de syst\u00e8mes vari\u00e9s, on mod\u00e8le les interactions entre les diff\u00e9rentes \u00e9chelles, du plus petit niveau (micro ou m\u00e9so) jusqu\u2019au niveau global (macro).<\/span><\/p>\n<p><span style=\"font-size: 14px; font-family: arial, helvetica, sans-serif;\">Gr\u00e2ce \u00e0 la dimension appliqu\u00e9e de ses travaux, le laboratoire entretient une collaboration \u00e9troite avec le secteur industriel. Il valorise ses recherches en contribuant \u00e0 l\u2019\u00e9laboration de doctrines techniques nationales sur les mat\u00e9riaux de construction et la r\u00e9paration des infrastructures, ainsi qu\u2019\u00e0 la r\u00e9daction de normes aux \u00e9chelles nationale et internationale. Ces apports constituent un v\u00e9ritable levier pour l\u2019innovation.<\/span><span style=\"font-size: 14px; font-family: arial, helvetica, sans-serif;\"> *<\/span><\/p>\n<p><span style=\"font-family: arial, helvetica, sans-serif; font-size: 14px;\">Pour des plus amples informations consulter les rubriques : <a href=\"https:\/\/lmc2.univ-lyon1.fr\/?page_id=32\">Projets<\/a>, <a href=\"https:\/\/lmc2.univ-lyon1.fr\/?page_id=1105\">Enseignants-Chercheurs<\/a>, <a href=\"https:\/\/lmc2.univ-lyon1.fr\/?page_id=42\">Publications<\/a>\u00a0<\/span><\/p>\n<p>\u00a0<\/p>\n<p style=\"text-align: center;\"><span style=\"font-family: trebuchet ms, geneva, sans-serif;\"><a href=\"http:\/\/lmc2.univ-lyon1.fr\/wp-content\/uploads\/2017\/07\/Plaquette-LMC2-f.pdf\">Pr\u00e9sentation du laboratoire (PDF)<\/a><\/span><\/p>\n\n\n<div class=\"wp-block-columns is-layout-flex wp-container-core-columns-is-layout-9d6595d7 wp-block-columns-is-layout-flex\">\n<div class=\"wp-block-column is-layout-flow wp-block-column-is-layout-flow\"><\/div>\n<\/div>\n\n\n<p style=\"text-align: center;\"><span style=\"font-family: trebuchet ms, geneva, sans-serif;\"><span style=\"font-size: 12pt; text-align: center;\">\u00a0<\/span><strong style=\"font-size: 12pt; text-align: center;\">LMC2 EA 7427 \/ Universit\u00e9 Lyon 1<\/strong><\/span><\/p>\n<p>\u00a0<\/p>","protected":false},"excerpt":{"rendered":"<p>Bienvenue sur le site du Laboratoire des Mat\u00e9riaux Composites pour la Construction (LMC2). Le LMC2 [&hellip;]<\/p>\n","protected":false},"author":1,"featured_media":0,"parent":0,"menu_order":0,"comment_status":"closed","ping_status":"closed","template":"","meta":{"footnotes":""},"class_list":["post-54","page","type-page","status-publish","hentry"],"_links":{"self":[{"href":"https:\/\/lmc2.univ-lyon1.fr\/index.php?rest_route=\/wp\/v2\/pages\/54","targetHints":{"allow":["GET"]}}],"collection":[{"href":"https:\/\/lmc2.univ-lyon1.fr\/index.php?rest_route=\/wp\/v2\/pages"}],"about":[{"href":"https:\/\/lmc2.univ-lyon1.fr\/index.php?rest_route=\/wp\/v2\/types\/page"}],"author":[{"embeddable":true,"href":"https:\/\/lmc2.univ-lyon1.fr\/index.php?rest_route=\/wp\/v2\/users\/1"}],"replies":[{"embeddable":true,"href":"https:\/\/lmc2.univ-lyon1.fr\/index.php?rest_route=%2Fwp%2Fv2%2Fcomments&post=54"}],"version-history":[{"count":70,"href":"https:\/\/lmc2.univ-lyon1.fr\/index.php?rest_route=\/wp\/v2\/pages\/54\/revisions"}],"predecessor-version":[{"id":3387,"href":"https:\/\/lmc2.univ-lyon1.fr\/index.php?rest_route=\/wp\/v2\/pages\/54\/revisions\/3387"}],"wp:attachment":[{"href":"https:\/\/lmc2.univ-lyon1.fr\/index.php?rest_route=%2Fwp%2Fv2%2Fmedia&parent=54"}],"curies":[{"name":"wp","href":"https:\/\/api.w.org\/{rel}","templated":true}]}}