{"id":670,"date":"2014-09-15T10:53:21","date_gmt":"2014-09-15T09:53:21","guid":{"rendered":"http:\/\/lmc2.univ-lyon1.fr\/?page_id=670"},"modified":"2015-10-01T10:29:11","modified_gmt":"2015-10-01T09:29:11","slug":"kong-kanchana-2","status":"publish","type":"page","link":"https:\/\/lmc2.univ-lyon1.fr\/?page_id=670","title":{"rendered":"KONG Kanhchana"},"content":{"rendered":"<p><img loading=\"lazy\" decoding=\"async\" class=\"aligncenter wp-image-763 size-medium\" src=\"http:\/\/lmc2.univ-lyon1.fr\/wp-content\/uploads\/2014\/09\/Kanhchana-224x300.jpg\" alt=\"\" width=\"224\" height=\"300\" srcset=\"https:\/\/lmc2.univ-lyon1.fr\/wp-content\/uploads\/2014\/09\/Kanhchana-224x300.jpg 224w, https:\/\/lmc2.univ-lyon1.fr\/wp-content\/uploads\/2014\/09\/Kanhchana.jpg 425w\" sizes=\"auto, (max-width: 224px) 100vw, 224px\" \/><\/p>\n<p><strong>PhD Thesis<br \/>\n<\/strong><\/p>\n<h4><em>Creep behavior of heterogeneous beams Timber-UHPC assembled by bonding<\/em><\/h4>\n<p><strong>Abstract<\/strong><\/p>\n<p style=\"text-align: justify;\">&#8230;<\/p>\n<p style=\"text-align: justify;\"><strong>Advisors<\/strong><\/p>\n<ul>\n<li>Emmanuel FERRIER<\/li>\n<li>Laurent MICHEL<\/li>\n<\/ul>\n<p><strong>Beginning and end of the PhD thesis<br \/>\n<\/strong><\/p>\n<p>01\/10\/2012 \u2013 15\/09\/2015<\/p>\n<p><strong>Teaching activities<\/strong><\/p>\n<p style=\"text-align: justify;\">J&rsquo;enseigne dans le domaine de la m\u00e9canique des structures aux \u00e9tudiants d\u2019IUT g\u00e9nie civil les TP de Bases de Calculs de Structures, TP de D\u00e9placement dans les Structures, TP de portique, TP de Constructions M\u00e9talliques, TP et TD de Constructions Bois, et TP de Bases de B\u00e9ton Arm\u00e9.<\/p>\n","protected":false},"excerpt":{"rendered":"<p>PhD Thesis Creep behavior of heterogeneous beams Timber-UHPC assembled by bonding Abstract &#8230; Advisors Emmanuel [&hellip;]<\/p>\n","protected":false},"author":1,"featured_media":0,"parent":0,"menu_order":0,"comment_status":"closed","ping_status":"open","template":"","meta":{"footnotes":""},"class_list":["post-670","page","type-page","status-publish","hentry"],"_links":{"self":[{"href":"https:\/\/lmc2.univ-lyon1.fr\/index.php?rest_route=\/wp\/v2\/pages\/670","targetHints":{"allow":["GET"]}}],"collection":[{"href":"https:\/\/lmc2.univ-lyon1.fr\/index.php?rest_route=\/wp\/v2\/pages"}],"about":[{"href":"https:\/\/lmc2.univ-lyon1.fr\/index.php?rest_route=\/wp\/v2\/types\/page"}],"author":[{"embeddable":true,"href":"https:\/\/lmc2.univ-lyon1.fr\/index.php?rest_route=\/wp\/v2\/users\/1"}],"replies":[{"embeddable":true,"href":"https:\/\/lmc2.univ-lyon1.fr\/index.php?rest_route=%2Fwp%2Fv2%2Fcomments&post=670"}],"version-history":[{"count":6,"href":"https:\/\/lmc2.univ-lyon1.fr\/index.php?rest_route=\/wp\/v2\/pages\/670\/revisions"}],"predecessor-version":[{"id":1656,"href":"https:\/\/lmc2.univ-lyon1.fr\/index.php?rest_route=\/wp\/v2\/pages\/670\/revisions\/1656"}],"wp:attachment":[{"href":"https:\/\/lmc2.univ-lyon1.fr\/index.php?rest_route=%2Fwp%2Fv2%2Fmedia&parent=670"}],"curies":[{"name":"wp","href":"https:\/\/api.w.org\/{rel}","templated":true}]}}